9. Give f(24).
-11
Let g(i) = 7*i**2 + 338*i + 82. What is g(-48)?
-14
Let a(n) = -23*n**2 + 5*n + 4. Give a(-1).
-24
Let c(o) = 49*o + 18. Calculate c(-2).
-80
Let f(o) = -43*o**3 - 224*o**2 - 49*o - 24. Determine f(-5).
-4
Let d(x) = -x**3 + 2*x**2 + 20*x - 23. What is d(-6)?
145
Let g(w) = -69*w**3 + 5*w**2 - 7*w + 4. Determine g(1).
-67
Let m(b) = -b**3 - 103*b**2 - 827*b + 1782. What is m(-94)?
-4
Let a(l) = -262*l - 26. Calculate a(1).
-288
Let k(j) = 17*j**2 - 56*j - 252. Calculate k(6).
24
Let l(o) = 371*o + 4824. What is l(-13)?
1
Let d(u) = -u**2 - 20*u - 10. Give d(-20).
-10
Let q(i) = i**3 + 11*i**2 - 14*i - 6. Determine q(-12).
18
Let f(r) = -r**3 + 10*r**2 + 1419*r + 19. Give f(-33).
19
Let i(z) = -7*z**2 - 40*z + 93. Calculate i(-8).
-35
Let v(z) = z**3 - 9*z**2 + 3*z - 5. Calculate v(5).
-90
Let k(c) = 13*c**2 - 90*c + 77. Determine k(6).
5
Let x(l) = -l + 21. Give x(34).
-13
Let t(o) = 343*o - 2536. What is t(7)?
-135
Let z(s) = -2*s**3 - 2*s**2 + 5*s + 8. Determine z(-3).
29
Let l(y) = y**3 - 6*y**2 + 8*y - 11. Give l(3).
-14
Let x(j) = -6*j**2 - 36*j - 148. Determine x(-4).
-100
Let k(j) = -160*j + 11045. What is k(69)?
5
Let b(h) = -h**2 - 7*h + 29. What is b(6)?
-49
Let v(g) = -55*g + 691. What is v(14)?
-79
Let x(j) = -2*j + 73. Give x(71).
-69
Let o(t) = -24*t**2 - 491*t - 48. Calculate o(-20).
172
Let a(f) = 12*f**2 - 49*f - 268. What is a(7)?
-23
Let k(q) = -19*q + 227. Determine k(27).
-286
Let k(x) = 43*x + 1851. Give k(-43).
2
Let b(u) = u**3 + 4*u**2 - 115*u - 608. What is b(-6)?
10
Let q(y) = 91*y + 2905. Give q(-32).
-7
Let c(x) = -8*x + 59. What is c(8)?
-5
Let m(z) = 7*z + 144. What is m(6)?
186
Let b(s) = s**3 + 67*s**2 - 131*s + 478. What is b(-69)?
-5
Let o(i) = i**3 + 3*i**2 - 73*i - 12. Calculate o(0).
-12
Let w(u) = u**2 - 8*u - 29. What is w(16)?
99
Let v(f) = -18*f**2 - 37*f + 68. Give v(3).
-205
Let l(s) = -5*s + 61. What is l(-5)?
86
Let w(j) = 2*j**2 + 2871*j + 17149. What is w(-6)?
-5
Let y(o) = 5*o**2 + 44*o + 49. Determine y(-8).
17
Let j(f) = 12*f**2 + 209*f + 98. Give j(-17).
13
Let i(f) = -92*f**2 - 20055*f + 202. What is i(-218)?
-16
Let t(v) = -3936*v - 2. Calculate t(0).
-2
Let k(w) = -20*w**2 - 806*w - 197. What is k(-40)?
43
Let a(o) = -2*o**3 - 8*o**2 + 42*o + 152. What is a(-5)?
-8
Let t(q) = 5*q**2 + 101*q + 75. Calculate t(-15).
-315
Let v(w) = 122*w - 657. Determine v(5).
-47
Let l(b) = -9*b + 32. What is l(5)?
-13
Let j(v) = 29*v + 222. Calculate j(-12).
-126
Let i(g) = g**3 + g**2 - 24*g - 73. Give i(-4).
-25
Let l(f) = f**2 - 47*f + 183. Calculate l(43).
11
Let v(c) = -8*c**2 - 86*c + 130. Calculate v(-12).
10
Let l(z) = -1256*z + 6285. What is l(5)?
5
Let j(t) = 389*t - 3908. What is j(10)?
-18
Let p(o) = 67*o**2 + 5*o - 7. Give p(1).
65
Let n(q) = -21*q**3 - 81*q**2 + 14*q + 10. Calculate n(-4).
2
Let w(z) = z**2 - 43*z + 337. Calculate w(10).
7
Let c(g) = 242*g**2 - 31*g + 60. What is c(2)?
966
Let u(w) = -30*w - 1. What is u(4)?
-121
Let w(u) = -6117*u + 12242. What is w(2)?
8
Let r(o) = -96*o + 626. Calculate r(7).
-46
Let t(q) = 10*q**2 - 96*q + 24. What is t(9)?
-30
Let u(j) = -2*j**2 + 50*j + 295. Calculate u(-5).
-5
Let x(p) = -17*p + 34. Give x(-7).
153
Let h(t) = -3*t**2 - 34*t + 170. Determine h(-19).
-267
Let x(p) = -53*p + 496. Give x(10).
-34
Let f(w) = w**3 - 13*w - 23. Calculate f(-2).
-5
Let t(u) = -u**3 + 5*u**2 + 10*u + 118. Calculate t(8).
6
Let t(d) = 3*d**3 - 177*d**2 - 7*d + 356. Calculate t(59).
-57
Let o(h) = -2630*h - 23675. Determine o(-9).
-5
Let f(x) = 8*x**2 - 30*x + 1. What is f(1)?
-21
Let f(w) = -83*w + 826. Determine f(9).
79
Let d(z) = -329*z - 1243. Give d(-4).
73
Let u(s) = 262*s - 1532. Give u(6).
40
Let y(w) = -387*w - 5165. Give y(-13).
-134
Let q(b) = -b**2 + 74*b - 693. What is q(11)?
0
Let i(v) = v**3 - 21*v**2 - 352*v + 13. Give i(-11).
13
Let j(k) = 832*k**2 + 3331*k + 5. Calculate j(-4).
-7
Let q(n) = -n**2 - 580*n - 53113. Give q(-114).
11
Let v(b) = -b**3 - 13*b**2 + 89*b + 665. Calculate v(-6).
-121
Let k(a) = -3*a**2 + 325*a - 2221. Give k(101).
1
Let i(u) = -14*u**2 + 61*u + 63. Determine i(-1).
-12
Let j(v) = v**3 - 63*v**2 + 63*v + 36. What is j(62)?
98
Let u(r) = -53*r + 24. Determine u(3).
-135
Let k(n) = n**2 + 29*n - 61. What is k(-28)?
-89
Let f(x) = -x**3 - 7*x**2 + 4*x - 5. Calculate f(-6).
-65
Let w(u) = -11*u**2 + 11*u - 15. Calculate w(3).
-81
Let h(f) = 23*f + 35. What is h(-5)?
-80
Let v(z) = 7*z**2 - 19*z - 1. Calculate v(7).
209
Let p(s) = 36*s + 2760. Calculate p(-77).
-12
Let r(o) = o**3 + 28*o**2 - 66*o - 191. Calculate r(-30).
-11
Let h(w) = w**2 - 6*w + 12. What is h(2)?
4
Let o(f) = 2*f**3 + 140*f**2 - 190. Give o(-70).
-190
Let f(v) = v**2 + 345*v + 4318. Calculate f(-13).
2
Let n(j) = -j**3 - 122*j**2 + 193*j + 8619. Determine n(-123).
9
Let k(g) = -g**2 + 33*g - 314. Give k(13).
-54
Let w(l) = 107*l + 4133. What is w(-40)?
-147
Let l(i) = -2*i**2 - 95*i - 61. Calculate l(-47).
-14
Let x(w) = -w**3 - 7*w**2 - 5*w + 18. What is x(-7)?
53
Let l(m) = -5*m**2 - 23*m - 33. Calculate l(-14).
-691
Let o(l) = 27*l**2 - 785*l + 106. Determine o(29).
48
Let i(u) = -374*u - 2969. Determine i(-8).
23
Let p(b) = 3*b**3 - 98*b**2 + 59*b + 40. Determine p(32).
-120
Let d(c) = 67*c**2 + 930*c - 118. Calculate d(-14).
-6
Let v(x) = 24*x**3 - 3*x + 14. Determine v(-2).
-172
Let c(g) = g**3 - 5*g**2 - 70*g + 77. Calculate c(11).
33
Let w(m) = m**2 + 12*m - 61. Calculate w(-11).
-72
Let x(a) = a**3 + 18*a**2 + 14*a - 19. Determine x(-17).
32
Let i(p) = p**3 + 60*p**2 + 4*p + 137. Determine i(-60).
-103
Let z(c) = 3*c**3 - 3*c**2 - 14*c + 42. Determine z(5).
272
Let b(v) = -4*v**2 + 16*v + 339. Determine b(-14).
-669
Let a(w) = -2*w**3 + 46*w**2 - 65*w - 22. What is a(21)?
377
Let h(t) = -2*t**2 - 22*t - 31. Give h(-22).
-515
Let m(y) = y**3 + 62*y**2 - 62*y - 466. Determine m(-63).
-529
Let u(q) = 5*q + 130. Calculate u(47).
365
Let f(u) = 29*u + 2189. What is f(-76)?
-15
Let n(s) = -15*s**3 + 958*s**2 + 131*s - 205. Determine n(64).
-13
Let t(m) = m**3 + 22*m**2 + 25*m - 1. Give t(-21).
-85
Let z(l) = 2*l**3 - 18*l**2 - 32*l + 290. What is z(8)?
-94
Let n(y) = 98*y + 945. Calculate n(-9).
63
Let v(j) = 88*j - 2161. Determine v(24).
-49
Let l(h) = 3*h**2 - 175*h + 557. Determine l(55).
7
Let o(y) = -2*y**3 - 250*y**2 + 73*y + 9118. Calculate o(-125).
-7
Let i(v) = -16*v**2 - 520*v + 105. Calculate i(-33).
-159
Let h(o) = 117*o + 401. Calculate h(-4).
-67
Let h(t) = 2954*t + 56129. What is h(-19)?
3
Let z(w) = 9*w**2 + 5*w - 1. Determine z(-7).
405
Let v(o) = o + 27. What is v(23)?
50
Let c(x) = -361*x - 34646. What is c(-96)?
10
Let u(i) = 35*i**3 + 10*i**2 + i - 8. What is u(-1)?
-34
Let x(g) = -457*g - 112407. Determine x(-246).
15
Let v(d) = -161*d - 805. Calculate v(-5).
0
Let s(k) = -k + 43. What is s(16)?
27
Let x(y) = -30*y + 414. Give x(11).
84
Let a(j) = -118*j - 1895. Determine a(-16).
-7
Let m(d) = 7*d**2 + 139*d + 246. Give m(-2).
-4
Let d(u) = -5*u**3 - 105*u**2 + u + 44. Give d(-21).
23
Let u(y) = -10*y**3 - 2429*y**2 + 246*y + 725. Determine u(-243).
-4
Let q(k) = -k**3 + 70*k**2 + 73*k - 150. Give q(71).
-8
Let o(q) = q**2 - 2*q - 112. What is o(11)?
-13
Let b(u) = -11*u - 750. Give b(-70).
20
Let w(d) = -198*d**2 - 58*d - 56. Give w(-1).
-196
Let l(c) = -96*c - 3612. What is l(-37)?
-60
Let w(x) = x**3 - 78*x**2 + 740*x - 227. Calculate w(67).
-26
Let a(g) = -5*g**2 - 120*g - 217. Determine a(-22).
3
Let w(v) = -17*v**2 - 178*v - 180. What is w(-1)?
-19
Let o(b) = 6*b**2 - 2*b - 20. Calculate o(5).
120
Let q(t) = -t**3 + 21*t**2 + 112*t - 311. Calculate q(25).
-11
Let i(m) = m**2 + 119*m + 468. Give i(-115).
8
Let t(f) = -f**3 - 94*f**2 - 838*f + 168. Determine t(-84).
0
Let r(y) = -26*y + 2262. Calculate r(63).
624
Let z(w) = 100*w + 621. Give z(-6).
21
Let u(c) = 2*c**2 + 22*c + 13. Calculate u(-20).
373
Let o(s) = s - 94. Calculate o(-11).
-105
Let z(c) = -c + 101. What is z(-11)?
112
Let p(k) = -k**3 - 64*k**2 - 5*k - 297. What is p(-64)?
23
Let w(i) = i**3 - 121*i**2 - 253*i + 861. Calculate w(123).
0
Let n(k) = 78*k - 1402. Give n(18).
2
Let r(w) = 8*w**3 - 234*w**2 + 58*w + 5. Give r(29).
5
Let c(j) = 29*j + 159. What is c(-7)?
-44
Let u(t) = -10*t**3 - 16*t**2 + 548*t + 564. What is u(-1)?
10
Let 